{"id":1407,"date":"2012-11-16T18:25:32","date_gmt":"2012-11-16T18:25:32","guid":{"rendered":"http:\/\/www.gasamtokin.is\/?page_id=1407"},"modified":"2017-02-18T14:54:08","modified_gmt":"2017-02-18T14:54:08","slug":"vidtol-vid-islenska-spilafikla-i-dv-2012","status":"publish","type":"page","link":"https:\/\/www.gasamtokin.is\/?page_id=1407","title":{"rendered":"Sagan okkar &#8211; Vi\u00f0t\u00f6l vi\u00f0 \u00edslenska spilaf\u00edkla \u00ed DV 2012"},"content":{"rendered":"<p><a href=\"https:\/\/www.gasamtokin.is\/wp-content\/uploads\/2012\/11\/DV28s_P10K.jpg\"><img loading=\"lazy\" decoding=\"async\" src=\"https:\/\/www.gasamtokin.is\/wp-content\/uploads\/2012\/11\/DV28s_P10K-300x215.jpg\" alt=\"\" title=\"Vi\u00f0t\u00f6l vi\u00f0 \u00edslenska spilaf\u00edkla - birt \u00ed DV\" width=\"300\" height=\"215\" class=\"alignnone size-medium wp-image-1406\" srcset=\"https:\/\/www.gasamtokin.is\/wp-content\/uploads\/2012\/11\/DV28s_P10K-300x215.jpg 300w, https:\/\/www.gasamtokin.is\/wp-content\/uploads\/2012\/11\/DV28s_P10K-1024x735.jpg 1024w\" sizes=\"auto, (max-width: 300px) 100vw, 300px\" \/><\/a><\/p>\n<p>Grein sem birt var \u00ed DV \u00feann 14.n\u00f3vember 2012. \u00cd greininni eru vi\u00f0t\u00f6l vi\u00f0 tvo \u00edslenska spilaf\u00edkla auk vi\u00f0tals vi\u00f0 r\u00e1\u00f0gjafa hj\u00e1 S\u00c1\u00c1.<br \/>\nGreinin er birt me\u00f0 g\u00f3\u00f0f\u00faslegu leyfi h\u00f6fundar.<\/p>\n","protected":false},"excerpt":{"rendered":"<p>Grein sem birt var \u00ed DV \u00feann 14.n\u00f3vember 2012. \u00cd greininni eru vi\u00f0t\u00f6l vi\u00f0 tvo \u00edslenska spilaf\u00edkla auk vi\u00f0tals vi\u00f0 r\u00e1\u00f0gjafa hj\u00e1 S\u00c1\u00c1. Greinin er birt me\u00f0 g\u00f3\u00f0f\u00faslegu leyfi h\u00f6fundar.<\/p>\n","protected":false},"author":1,"featured_media":0,"parent":2214,"menu_order":0,"comment_status":"open","ping_status":"open","template":"","meta":{"footnotes":""},"class_list":["post-1407","page","type-page","status-publish","hentry"],"_links":{"self":[{"href":"https:\/\/www.gasamtokin.is\/index.php?rest_route=\/wp\/v2\/pages\/1407","targetHints":{"allow":["GET"]}}],"collection":[{"href":"https:\/\/www.gasamtokin.is\/index.php?rest_route=\/wp\/v2\/pages"}],"about":[{"href":"https:\/\/www.gasamtokin.is\/index.php?rest_route=\/wp\/v2\/types\/page"}],"author":[{"embeddable":true,"href":"https:\/\/www.gasamtokin.is\/index.php?rest_route=\/wp\/v2\/users\/1"}],"replies":[{"embeddable":true,"href":"https:\/\/www.gasamtokin.is\/index.php?rest_route=%2Fwp%2Fv2%2Fcomments&post=1407"}],"version-history":[{"count":4,"href":"https:\/\/www.gasamtokin.is\/index.php?rest_route=\/wp\/v2\/pages\/1407\/revisions"}],"predecessor-version":[{"id":2216,"href":"https:\/\/www.gasamtokin.is\/index.php?rest_route=\/wp\/v2\/pages\/1407\/revisions\/2216"}],"up":[{"embeddable":true,"href":"https:\/\/www.gasamtokin.is\/index.php?rest_route=\/wp\/v2\/pages\/2214"}],"wp:attachment":[{"href":"https:\/\/www.gasamtokin.is\/index.php?rest_route=%2Fwp%2Fv2%2Fmedia&parent=1407"}],"curies":[{"name":"wp","href":"https:\/\/api.w.org\/{rel}","templated":true}]}}